s 551989001 a multiple of 2747?
False
Is 239825088 a multiple of 12?
True
Does 42 divide 177277464?
True
Is 42 a factor of 200254278?
True
Is 174 a factor of 69200076?
False
Is 1866 a factor of 35528742?
False
Does 46 divide 48020642?
True
Is 186 a factor of 136055838?
True
Is 12618360 a multiple of 6?
True
Is 23 a factor of 153803001?
True
Does 6518 divide 102736716?
True
Does 125 divide 6798732?
False
Does 3 divide 690086669?
False
Is 119 a factor of 12285446?
False
Is 430555549 a multiple of 721?
False
Is 46046240 a multiple of 80?
True
Does 14 divide 143292215?
False
Does 181 divide 1612956011?
False
Is 205 a factor of 21860790?
True
Is 122153654 a multiple of 232?
False
Is 399472063 a multiple of 45?
False
Is 40035030 a multiple of 1866?
True
Does 1972 divide 33545692?
True
Is 3779110756 a multiple of 93?
False
Is 446881615 a multiple of 3097?
True
Is 7879858 a multiple of 122?
True
Is 1431 a factor of 252991372?
False
Does 189 divide 926815365?
True
Is 19 a factor of 162154816?
True
Does 114 divide 131481321?
False
Is 1902609540 a multiple of 702?
True
Is 669 a factor of 13627871?
False
Is 130 a factor of 937219400?
True
Is 2687000535 a multiple of 3855?
True
Does 11 divide 1085073?
True
Is 27 a factor of 71306946?
True
Is 1068846018 a multiple of 634?
True
Does 1052 divide 44303940?
False
Is 20 a factor of 174238518?
False
Does 103 divide 489216522?
False
Is 212436429 a multiple of 21?
False
Is 58774870 a multiple of 55?
True
Is 328831855 a multiple of 3528?
False
Is 1209 a factor of 662958916?
False
Does 2918 divide 875837700?
True
Is 23 a factor of 10162041?
False
Is 13 a factor of 97285578?
True
Is 942602464 a multiple of 656?
True
Does 27 divide 2046955617?
True
Does 662 divide 7712668?
False
Is 783 a factor of 17307842?
False
Is 1109 a factor of 40874207?
False
Is 1123634 a multiple of 23?
False
Does 46 divide 84294264?
True
Is 1122 a factor of 167792856?
True
Is 1501 a factor of 199346309?
True
Is 702521343 a multiple of 6753?
True
Is 845 a factor of 1275725734?
False
Is 240 a factor of 391845600?
True
Is 4349886149 a multiple of 61?
True
Is 96 a factor of 78055413?
False
Does 20 divide 158625649?
False
Does 12 divide 99171956?
False
Is 203438656 a multiple of 752?
False
Does 17 divide 314323262?
False
Is 31 a factor of 34738042?
True
Does 29 divide 31007525?
True
Is 330 a factor of 10807500?
True
Is 1745539233 a multiple of 4110?
False
Is 336 a factor of 14569632?
True
Is 7674421 a multiple of 10?
False
Is 93387927 a multiple of 19?
False
Does 2515 divide 60569726?
False
Is 119 a factor of 71164947?
False
Is 319517495 a multiple of 4332?
False
Is 268378808 a multiple of 8?
True
Does 11540 divide 1287120474?
False
Is 182341796 a multiple of 1218?
False
Is 2309 a factor of 27540141?
False
Is 47 a factor of 385121337?
True
Is 1662 a factor of 2583986190?
True
Does 2528 divide 50982874?
False
Does 326 divide 2042062044?
True
Does 888 divide 636731636?
False
Is 10385190 a multiple of 207?
True
Is 332969753 a multiple of 396?
False
Is 8 a factor of 109573536?
True
Is 279 a factor of 24449655?
False
Is 8 a factor of 46171688?
True
Does 77 divide 170233987?
True
Is 603 a factor of 579303306?
True
Is 46 a factor of 3422584?
True
Is 54461706 a multiple of 226?
True
Is 11 a factor of 42926785?
True
Is 380052592 a multiple of 6470?
False
Is 1200 a factor of 233375311?
False
Does 14 divide 3317734?
True
Is 507805236 a multiple of 209?
False
Is 1536203373 a multiple of 69?
True
Is 597021720 a multiple of 15?
True
Does 119 divide 23289252?
True
Is 88 a factor of 211661736?
True
Is 1483137746 a multiple of 197?
True
Does 14 divide 107727113?
False
Is 11116275 a multiple of 3?
True
Is 24163812 a multiple of 54?
True
Does 6 divide 14261604?
True
Does 81 divide 6479789?
False
Is 1943 a factor of 482169759?
False
Is 1291979460 a multiple of 30?
True
Is 2098977344 a multiple of 14?
False
Is 235861643 a multiple of 14?
False
Does 2602 divide 146526426?
True
Does 86 divide 77498373?
False
Is 28 a factor of 13535480?
True
Is 1900 a factor of 148543209?
False
Is 80196259 a multiple of 2431?
True
Does 78 divide 33652359?
False
Is 92622560 a multiple of 76?
False
Is 453725521 a multiple of 249?
False
Is 813360000 a multiple of 3389?
True
Is 5 a factor of 4557445?
True
Does 132 divide 740767210?
False
Is 716475318 a multiple of 52?
False
Is 745753600 a multiple of 160?
True
Is 9797183 a multiple of 11?
True
Does 38 divide 237984994?
True
Does 122 divide 35154122?
False
Does 9285 divide 1112495094?
False
Is 96826784 a multiple of 57?
False
Does 132 divide 3237134985?
False
Does 168 divide 29167017?
False
Does 13 divide 57470625?
False
Does 118 divide 42056030?
False
Does 25 divide 43374425?
True
Is 377179524 a multiple of 1338?
True
Is 18 a factor of 333573135?
False
Is 7 a factor of 9688646?
False
Is 62075259 a multiple of 3700?
False
Does 15 divide 3003103028?
False
Does 169 divide 399400800?
False
Does 30 divide 1469366610?
True
Is 151051539 a multiple of 19?
True
Does 12 divide 54174160?
False
Is 15302126 a multiple of 623?
True
Is 2806810016 a multiple of 892?
True
Is 27 a factor of 62757612?
True
Is 3849854050 a multiple of 14?
True
Does 70 divide 64519700?
True
Is 57320796 a multiple of 494?
True
Is 1009994066 a multiple of 257?
True
Is 1336912550 a multiple of 3125?
False
Is 4015862928 a multiple of 667?
True
Is 795483920 a multiple of 22?
True
Is 19 a factor of 13148273?
False
Does 2244 divide 368141664?
True
Is 400 a factor of 198204400?
True
Is 18 a factor of 3353639328?
True
Is 772 a factor of 12645165?
False
Is 6 a factor of 338477474?
False
Is 4 a factor of 7361884?
True
Is 63 a factor of 856107?
True
Is 17921231 a multiple of 1036?
False
Is 2645 a factor of 21324437?
False
Is 89 a factor of 125961840?
False
Is 20 a factor of 97568040?
True
Does 12 divide 1026432?
True
Is 273 a factor of 1383290815?
False
Is 1109802535 a multiple of 10?
False
Does 545 divide 2418889027?
False
Does 21 divide 15106291?
False
Is 3423 a factor of 2030177877?
True
Is 129 a factor of 42656301?
True
Is 43 a factor of 4909281?
False
Does 71 divide 24842315?
False
Is 12001999 a multiple of 4?
False
Is 532175260 a multiple of 16?
False
Does 19 divide 58920805?
True
Is 45188382 a multiple of 589?
False
Is 271836596 a multiple of 17?
True
Is 1008 a factor of 118633536?
True
Does 5329 divide 376493850?
True
Does 14 divide 3468158267?
False
Does 939 divide 745500686?
False
Does 7 divide 72832291?
True
Is 1441764319 a multiple of 253?
False
Is 199225297 a multiple of 927?
False
Is 2 a factor of 106528217?
False
Is 106 a factor of 9970536?
False
Is 347 a factor of 216432922?
True
Is 1026 a factor of 780580541?
False
Does 14 divide 2622418678?
False
Is 1238 a factor of 650425392?
True
Is 12406620 a multiple of 12?
True
Is 98451381 a multiple of 129?
True
Is 652 a factor of 872496620?
True
Does 16 divide 637516982?
False
Is 5 a factor of 20373903?
False
Is 355275511 a multiple of 789?
False
Is 172 a factor of 386688680?
True
Does 779 divide 2999608831?
True
Is 146447100 a multiple of 150?
True
Does 18 divide 17747352?
True
Does 279 divide 10274175?
True
Does 2 divide 13243919?
False
Does 262 divide 200094902?
True
Is 333 a factor of 42477480?
True
Does 41 divide 267268342?
False
Is 531 a factor of 782677274?
False
Is 296944120 a multiple of 3901?
True
Is 10856386 a multiple of 31?
True
Is 9 a factor of 8386443?
True
Does 27 divide 97239771?
True
Does 136 divide 63817194?
False
Is 299 a factor of 2632670482?
True
Is 69506627 a multiple of 70?
False
Is 178629492 a multiple of 7?
False
Does 643 divide 236383335?
False
Is 1608 a factor of 612970106?
False
Is 24 a factor of 83732?
False
Does 33 divide 1602698394?
True
Is 1712684795 a multiple of 19?
True
Does 447 divide 1328037?
True
Is 56656926 a multiple of 947?
False
Is 19792600 a multiple of 248?
False
Is 17488353 a multiple of 54?
False
Is 126819133 a multiple of 119?
True
Does 60 divide 109047540?
True
Is 7 a factor of 5838138?
False
Does 8689 divide 2711691396?
False
Is 25328114 a multiple of 14?
True
Is 49339023 a multiple of 970?
False
Does 10 divide 59932430?
True
Does 23 divide 2941985339?
False
Does 54 divide 42091650?
True
Is 326068990 a multiple of 1670?
False
Does 3643 divide 46108657?
False
Is 1684 a factor of 21